{"id":6981,"date":"2025-02-20T23:08:31","date_gmt":"2025-02-20T22:08:31","guid":{"rendered":"https:\/\/weingut-reineck-baltz.de\/?post_type=ajde_events&#038;p=6981"},"modified":"2025-03-14T17:23:43","modified_gmt":"2025-03-14T16:23:43","slug":"offene-verkostung-2","status":"publish","type":"ajde_events","link":"https:\/\/weingut-reineck-baltz.de\/en\/events\/offene-verkostung-2\/","title":{"rendered":"Weinprobiertage im Advent"},"content":{"rendered":"<p><em>\u201c Eine sch\u00f6ne Kombination aus vorweihnachtlichem Weineinkauf und dem beschaulichen Guntersblumer Weihnachtsmarkt (Sa). In der Vinothek k\u00f6nnen Sie selbst\u00e4ndig alle Weine und Sekte verkosten &#8211; dazu gibt es Kleinigkeiten aus der Weingutsk\u00fcche.\u201c<\/em><\/p>","protected":false},"author":2,"featured_media":7142,"menu_order":0,"comment_status":"closed","ping_status":"closed","template":"","meta":[],"tags":[290,277,295,296],"event_type":[286],"event_type_2":[],"class_list":["post-6981","ajde_events","type-ajde_events","status-publish","has-post-thumbnail","hentry","tag-guntersblum","tag-jahrgang2024","tag-weinprobe","tag-weinsein","event_location-vinothek","event_type-offene-weinprobe"],"yoast_head":"<!-- This site is optimized with the Yoast SEO plugin v27.0 - https:\/\/yoast.com\/product\/yoast-seo-wordpress\/ -->\n<title>Weinprobiertage im Advent - Weingut Reineck-Baltz<\/title>\n<meta name=\"robots\" content=\"index, follow, max-snippet:-1, max-image-preview:large, max-video-preview:-1\" \/>\n<link rel=\"canonical\" href=\"https:\/\/weingut-reineck-baltz.de\/en\/events\/offene-verkostung-2\/\" \/>\n<meta property=\"og:locale\" content=\"en_US\" \/>\n<meta property=\"og:type\" content=\"article\" \/>\n<meta property=\"og:title\" content=\"Weinprobiertage im Advent - Weingut Reineck-Baltz\" \/>\n<meta property=\"og:description\" content=\"\u201c Eine sch\u00f6ne Kombination aus vorweihnachtlichem Weineinkauf und dem beschaulichen Guntersblumer Weihnachtsmarkt (Sa). In der Vinothek k\u00f6nnen Sie selbst\u00e4ndig alle Weine und Sekte verkosten &#8211; dazu gibt es Kleinigkeiten aus der Weingutsk\u00fcche.\u201c\" \/>\n<meta property=\"og:url\" content=\"https:\/\/weingut-reineck-baltz.de\/en\/events\/offene-verkostung-2\/\" \/>\n<meta property=\"og:site_name\" content=\"Weingut Reineck-Baltz\" \/>\n<meta property=\"article:modified_time\" content=\"2025-03-14T16:23:43+00:00\" \/>\n<meta property=\"og:image\" content=\"https:\/\/weingut-reineck-baltz.de\/wp-content\/uploads\/2025\/02\/9.jpg\" \/>\n\t<meta property=\"og:image:width\" content=\"1228\" \/>\n\t<meta property=\"og:image:height\" content=\"1228\" \/>\n\t<meta property=\"og:image:type\" content=\"image\/jpeg\" \/>\n<meta name=\"twitter:card\" content=\"summary_large_image\" \/>\n<meta name=\"twitter:label1\" content=\"Est. reading time\" \/>\n\t<meta name=\"twitter:data1\" content=\"1 minute\" \/>\n<script type=\"application\/ld+json\" class=\"yoast-schema-graph\">{\"@context\":\"https:\/\/schema.org\",\"@graph\":[{\"@type\":\"WebPage\",\"@id\":\"https:\/\/weingut-reineck-baltz.de\/events\/offene-verkostung-2\/\",\"url\":\"https:\/\/weingut-reineck-baltz.de\/events\/offene-verkostung-2\/\",\"name\":\"Weinprobiertage im Advent - Weingut Reineck-Baltz\",\"isPartOf\":{\"@id\":\"https:\/\/weingut-reineck-baltz.de\/#website\"},\"primaryImageOfPage\":{\"@id\":\"https:\/\/weingut-reineck-baltz.de\/events\/offene-verkostung-2\/#primaryimage\"},\"image\":{\"@id\":\"https:\/\/weingut-reineck-baltz.de\/events\/offene-verkostung-2\/#primaryimage\"},\"thumbnailUrl\":\"https:\/\/weingut-reineck-baltz.de\/wp-content\/uploads\/2025\/02\/9.jpg\",\"datePublished\":\"2025-02-20T22:08:31+00:00\",\"dateModified\":\"2025-03-14T16:23:43+00:00\",\"breadcrumb\":{\"@id\":\"https:\/\/weingut-reineck-baltz.de\/events\/offene-verkostung-2\/#breadcrumb\"},\"inLanguage\":\"en-CA\",\"potentialAction\":[{\"@type\":\"ReadAction\",\"target\":[\"https:\/\/weingut-reineck-baltz.de\/events\/offene-verkostung-2\/\"]}]},{\"@type\":\"ImageObject\",\"inLanguage\":\"en-CA\",\"@id\":\"https:\/\/weingut-reineck-baltz.de\/events\/offene-verkostung-2\/#primaryimage\",\"url\":\"https:\/\/weingut-reineck-baltz.de\/wp-content\/uploads\/2025\/02\/9.jpg\",\"contentUrl\":\"https:\/\/weingut-reineck-baltz.de\/wp-content\/uploads\/2025\/02\/9.jpg\",\"width\":1228,\"height\":1228},{\"@type\":\"BreadcrumbList\",\"@id\":\"https:\/\/weingut-reineck-baltz.de\/events\/offene-verkostung-2\/#breadcrumb\",\"itemListElement\":[{\"@type\":\"ListItem\",\"position\":1,\"name\":\"Startseite\",\"item\":\"https:\/\/weingut-reineck-baltz.de\/\"},{\"@type\":\"ListItem\",\"position\":2,\"name\":\"Events\",\"item\":\"https:\/\/weingut-reineck-baltz.de\/events\/\"},{\"@type\":\"ListItem\",\"position\":3,\"name\":\"Weinprobiertage im Advent\"}]},{\"@type\":\"WebSite\",\"@id\":\"https:\/\/weingut-reineck-baltz.de\/#website\",\"url\":\"https:\/\/weingut-reineck-baltz.de\/\",\"name\":\"Weingut Reineck-Baltz\",\"description\":\"\",\"publisher\":{\"@id\":\"https:\/\/weingut-reineck-baltz.de\/#organization\"},\"potentialAction\":[{\"@type\":\"SearchAction\",\"target\":{\"@type\":\"EntryPoint\",\"urlTemplate\":\"https:\/\/weingut-reineck-baltz.de\/?s={search_term_string}\"},\"query-input\":{\"@type\":\"PropertyValueSpecification\",\"valueRequired\":true,\"valueName\":\"search_term_string\"}}],\"inLanguage\":\"en-CA\"},{\"@type\":\"Organization\",\"@id\":\"https:\/\/weingut-reineck-baltz.de\/#organization\",\"name\":\"Weingut Reineck-Baltz\",\"url\":\"https:\/\/weingut-reineck-baltz.de\/\",\"logo\":{\"@type\":\"ImageObject\",\"inLanguage\":\"en-CA\",\"@id\":\"https:\/\/weingut-reineck-baltz.de\/#\/schema\/logo\/image\/\",\"url\":\"https:\/\/weingut-reineck-baltz.de\/wp-content\/uploads\/2020\/12\/Logo_Farbe.svg\",\"contentUrl\":\"https:\/\/weingut-reineck-baltz.de\/wp-content\/uploads\/2020\/12\/Logo_Farbe.svg\",\"width\":1805,\"height\":805,\"caption\":\"Weingut Reineck-Baltz\"},\"image\":{\"@id\":\"https:\/\/weingut-reineck-baltz.de\/#\/schema\/logo\/image\/\"}}]}<\/script>\n<!-- \/ Yoast SEO plugin. -->","yoast_head_json":{"title":"Weinprobiertage im Advent - Weingut Reineck-Baltz","robots":{"index":"index","follow":"follow","max-snippet":"max-snippet:-1","max-image-preview":"max-image-preview:large","max-video-preview":"max-video-preview:-1"},"canonical":"https:\/\/weingut-reineck-baltz.de\/en\/events\/offene-verkostung-2\/","og_locale":"en_US","og_type":"article","og_title":"Weinprobiertage im Advent - Weingut Reineck-Baltz","og_description":"\u201c Eine sch\u00f6ne Kombination aus vorweihnachtlichem Weineinkauf und dem beschaulichen Guntersblumer Weihnachtsmarkt (Sa). In der Vinothek k\u00f6nnen Sie selbst\u00e4ndig alle Weine und Sekte verkosten &#8211; dazu gibt es Kleinigkeiten aus der Weingutsk\u00fcche.\u201c","og_url":"https:\/\/weingut-reineck-baltz.de\/en\/events\/offene-verkostung-2\/","og_site_name":"Weingut Reineck-Baltz","article_modified_time":"2025-03-14T16:23:43+00:00","og_image":[{"width":1228,"height":1228,"url":"https:\/\/weingut-reineck-baltz.de\/wp-content\/uploads\/2025\/02\/9.jpg","type":"image\/jpeg"}],"twitter_card":"summary_large_image","twitter_misc":{"Est. reading time":"1 minute"},"schema":{"@context":"https:\/\/schema.org","@graph":[{"@type":"WebPage","@id":"https:\/\/weingut-reineck-baltz.de\/events\/offene-verkostung-2\/","url":"https:\/\/weingut-reineck-baltz.de\/events\/offene-verkostung-2\/","name":"Weinprobiertage im Advent - Weingut Reineck-Baltz","isPartOf":{"@id":"https:\/\/weingut-reineck-baltz.de\/#website"},"primaryImageOfPage":{"@id":"https:\/\/weingut-reineck-baltz.de\/events\/offene-verkostung-2\/#primaryimage"},"image":{"@id":"https:\/\/weingut-reineck-baltz.de\/events\/offene-verkostung-2\/#primaryimage"},"thumbnailUrl":"https:\/\/weingut-reineck-baltz.de\/wp-content\/uploads\/2025\/02\/9.jpg","datePublished":"2025-02-20T22:08:31+00:00","dateModified":"2025-03-14T16:23:43+00:00","breadcrumb":{"@id":"https:\/\/weingut-reineck-baltz.de\/events\/offene-verkostung-2\/#breadcrumb"},"inLanguage":"en-CA","potentialAction":[{"@type":"ReadAction","target":["https:\/\/weingut-reineck-baltz.de\/events\/offene-verkostung-2\/"]}]},{"@type":"ImageObject","inLanguage":"en-CA","@id":"https:\/\/weingut-reineck-baltz.de\/events\/offene-verkostung-2\/#primaryimage","url":"https:\/\/weingut-reineck-baltz.de\/wp-content\/uploads\/2025\/02\/9.jpg","contentUrl":"https:\/\/weingut-reineck-baltz.de\/wp-content\/uploads\/2025\/02\/9.jpg","width":1228,"height":1228},{"@type":"BreadcrumbList","@id":"https:\/\/weingut-reineck-baltz.de\/events\/offene-verkostung-2\/#breadcrumb","itemListElement":[{"@type":"ListItem","position":1,"name":"Startseite","item":"https:\/\/weingut-reineck-baltz.de\/"},{"@type":"ListItem","position":2,"name":"Events","item":"https:\/\/weingut-reineck-baltz.de\/events\/"},{"@type":"ListItem","position":3,"name":"Weinprobiertage im Advent"}]},{"@type":"WebSite","@id":"https:\/\/weingut-reineck-baltz.de\/#website","url":"https:\/\/weingut-reineck-baltz.de\/","name":"Weingut Reineck-Baltz","description":"","publisher":{"@id":"https:\/\/weingut-reineck-baltz.de\/#organization"},"potentialAction":[{"@type":"SearchAction","target":{"@type":"EntryPoint","urlTemplate":"https:\/\/weingut-reineck-baltz.de\/?s={search_term_string}"},"query-input":{"@type":"PropertyValueSpecification","valueRequired":true,"valueName":"search_term_string"}}],"inLanguage":"en-CA"},{"@type":"Organization","@id":"https:\/\/weingut-reineck-baltz.de\/#organization","name":"Weingut Reineck-Baltz","url":"https:\/\/weingut-reineck-baltz.de\/","logo":{"@type":"ImageObject","inLanguage":"en-CA","@id":"https:\/\/weingut-reineck-baltz.de\/#\/schema\/logo\/image\/","url":"https:\/\/weingut-reineck-baltz.de\/wp-content\/uploads\/2020\/12\/Logo_Farbe.svg","contentUrl":"https:\/\/weingut-reineck-baltz.de\/wp-content\/uploads\/2020\/12\/Logo_Farbe.svg","width":1805,"height":805,"caption":"Weingut Reineck-Baltz"},"image":{"@id":"https:\/\/weingut-reineck-baltz.de\/#\/schema\/logo\/image\/"}}]}},"jetpack_sharing_enabled":true,"_links":{"self":[{"href":"https:\/\/weingut-reineck-baltz.de\/en\/wp-json\/wp\/v2\/ajde_events\/6981","targetHints":{"allow":["GET"]}}],"collection":[{"href":"https:\/\/weingut-reineck-baltz.de\/en\/wp-json\/wp\/v2\/ajde_events"}],"about":[{"href":"https:\/\/weingut-reineck-baltz.de\/en\/wp-json\/wp\/v2\/types\/ajde_events"}],"author":[{"embeddable":true,"href":"https:\/\/weingut-reineck-baltz.de\/en\/wp-json\/wp\/v2\/users\/2"}],"replies":[{"embeddable":true,"href":"https:\/\/weingut-reineck-baltz.de\/en\/wp-json\/wp\/v2\/comments?post=6981"}],"wp:featuredmedia":[{"embeddable":true,"href":"https:\/\/weingut-reineck-baltz.de\/en\/wp-json\/wp\/v2\/media\/7142"}],"wp:attachment":[{"href":"https:\/\/weingut-reineck-baltz.de\/en\/wp-json\/wp\/v2\/media?parent=6981"}],"wp:term":[{"taxonomy":"post_tag","embeddable":true,"href":"https:\/\/weingut-reineck-baltz.de\/en\/wp-json\/wp\/v2\/tags?post=6981"},{"taxonomy":"event_type","embeddable":true,"href":"https:\/\/weingut-reineck-baltz.de\/en\/wp-json\/wp\/v2\/event_type?post=6981"},{"taxonomy":"event_type_2","embeddable":true,"href":"https:\/\/weingut-reineck-baltz.de\/en\/wp-json\/wp\/v2\/event_type_2?post=6981"}],"curies":[{"name":"wp","href":"https:\/\/api.w.org\/{rel}","templated":true}]}}

<p><em>“ Eine schöne Kombination aus vorweihnachtlichem Weineinkauf und dem beschaulichen Guntersblumer Weihnachtsmarkt (Sa). In der Vinothek können Sie selbständig alle Weine und Sekte verkosten &#8211; dazu gibt es Kleinigkeiten aus der Weingutsküche.“</em></p>

<!-- This site is optimized with the Yoast SEO plugin v27.0 - https://yoast.com/product/yoast-seo-wordpress/ -->
<title>Weinprobiertage im Advent - Weingut Reineck-Baltz</title>
<meta name="robots" content="index, follow, max-snippet:-1, max-image-preview:large, max-video-preview:-1" />
<link rel="canonical" href="https://weingut-reineck-baltz.de/en/events/offene-verkostung-2/" />
<meta property="og:locale" content="en_US" />
<meta property="og:type" content="article" />
<meta property="og:title" content="Weinprobiertage im Advent - Weingut Reineck-Baltz" />
<meta property="og:description" content="“ Eine schöne Kombination aus vorweihnachtlichem Weineinkauf und dem beschaulichen Guntersblumer Weihnachtsmarkt (Sa). In der Vinothek können Sie selbständig alle Weine und Sekte verkosten &#8211; dazu gibt es Kleinigkeiten aus der Weingutsküche.“" />
<meta property="og:url" content="https://weingut-reineck-baltz.de/en/events/offene-verkostung-2/" />
<meta property="og:site_name" content="Weingut Reineck-Baltz" />
<meta property="article:modified_time" content="2025-03-14T16:23:43+00:00" />
<meta property="og:image" content="https://weingut-reineck-baltz.de/wp-content/uploads/2025/02/9.jpg" />
	<meta property="og:image:width" content="1228" />
	<meta property="og:image:height" content="1228" />
	<meta property="og:image:type" content="image/jpeg" />
<meta name="twitter:card" content="summary_large_image" />
<meta name="twitter:label1" content="Est. reading time" />
	<meta name="twitter:data1" content="1 minute" />
<script type="application/ld+json" class="yoast-schema-graph">{"@context":"https://schema.org","@graph":[{"@type":"WebPage","@id":"https://weingut-reineck-baltz.de/events/offene-verkostung-2/","url":"https://weingut-reineck-baltz.de/events/offene-verkostung-2/","name":"Weinprobiertage im Advent - Weingut Reineck-Baltz","isPartOf":{"@id":"https://weingut-reineck-baltz.de/#website"},"primaryImageOfPage":{"@id":"https://weingut-reineck-baltz.de/events/offene-verkostung-2/#primaryimage"},"image":{"@id":"https://weingut-reineck-baltz.de/events/offene-verkostung-2/#primaryimage"},"thumbnailUrl":"https://weingut-reineck-baltz.de/wp-content/uploads/2025/02/9.jpg","datePublished":"2025-02-20T22:08:31+00:00","dateModified":"2025-03-14T16:23:43+00:00","breadcrumb":{"@id":"https://weingut-reineck-baltz.de/events/offene-verkostung-2/#breadcrumb"},"inLanguage":"en-CA","potentialAction":[{"@type":"ReadAction","target":["https://weingut-reineck-baltz.de/events/offene-verkostung-2/"]}]},{"@type":"ImageObject","inLanguage":"en-CA","@id":"https://weingut-reineck-baltz.de/events/offene-verkostung-2/#primaryimage","url":"https://weingut-reineck-baltz.de/wp-content/uploads/2025/02/9.jpg","contentUrl":"https://weingut-reineck-baltz.de/wp-content/uploads/2025/02/9.jpg","width":1228,"height":1228},{"@type":"BreadcrumbList","@id":"https://weingut-reineck-baltz.de/events/offene-verkostung-2/#breadcrumb","itemListElement":[{"@type":"ListItem","position":1,"name":"Startseite","item":"https://weingut-reineck-baltz.de/"},{"@type":"ListItem","position":2,"name":"Events","item":"https://weingut-reineck-baltz.de/events/"},{"@type":"ListItem","position":3,"name":"Weinprobiertage im Advent"}]},{"@type":"WebSite","@id":"https://weingut-reineck-baltz.de/#website","url":"https://weingut-reineck-baltz.de/","name":"Weingut Reineck-Baltz","description":"","publisher":{"@id":"https://weingut-reineck-baltz.de/#organization"},"potentialAction":[{"@type":"SearchAction","target":{"@type":"EntryPoint","urlTemplate":"https://weingut-reineck-baltz.de/?s={search_term_string}"},"query-input":{"@type":"PropertyValueSpecification","valueRequired":true,"valueName":"search_term_string"}}],"inLanguage":"en-CA"},{"@type":"Organization","@id":"https://weingut-reineck-baltz.de/#organization","name":"Weingut Reineck-Baltz","url":"https://weingut-reineck-baltz.de/","logo":{"@type":"ImageObject","inLanguage":"en-CA","@id":"https://weingut-reineck-baltz.de/#/schema/logo/image/","url":"https://weingut-reineck-baltz.de/wp-content/uploads/2020/12/Logo_Farbe.svg","contentUrl":"https://weingut-reineck-baltz.de/wp-content/uploads/2020/12/Logo_Farbe.svg","width":1805,"height":805,"caption":"Weingut Reineck-Baltz"},"image":{"@id":"https://weingut-reineck-baltz.de/#/schema/logo/image/"}}]}</script>
<!-- / Yoast SEO plugin. -->

“ Eine schöne Kombination aus vorweihnachtlichem Weineinkauf und dem beschaulichen Guntersblumer Weihnachtsmarkt (Sa). In der Vinothek können Sie selbständig alle Weine und Sekte verkosten &#8211; dazu gibt es Kleinigkeiten aus der Weingutsküche.“
